e m(u).
0
Let d = -7 + 3. Let h(r) = -r**3 - 4*r**2 + r + 4. Let x be h(d). Let c(m) = -4 + 2*m + 2*m - 3*m. Calculate c(x).
-4
Let l(r) be the third derivative of -r**5/60 - r**4/8 + r**3/3 + 3*r**2. Suppose -t + 3 + 6 = -3*f, -4*t = 3*f + 24. Give l(f).
-2
Let w(b) be the third derivative of -b**4/24 + 2*b**3/3 + 31*b**2. Calculate w(8).
-4
Suppose 5*f = -x + 1, -2*f + 2*x = 2*f + 2. Let o(p) = -p - 1. Determine o(f).
-1
Let s(r) = -r**2 - 8*r + 9. Let m be (-90)/16 + -1 - (-45)/(-120). Calculate s(m).
16
Let f(n) be the second derivative of -n + 3/2*n**2 + 0*n**4 + 1/6*n**3 - 1/20*n**5 + 0. Let g = 1 + -1. Give f(g).
3
Suppose -5*b = -6*b - j + 4, 2*b - 5*j + 6 = 0. Let d(m) = 0*m + 2 + 1 - 5*m**2 - b + 3*m + m**3. What is d(3)?
-8
Let d be (-2)/((0 - -1)*2). Let u be ((0 - 0) + 0)*d. Let a(r) = -2 - r - 4 + 3. What is a(u)?
-3
Let g(j) = -j**3 + j**2 + 2*j - 3. Let t be (0 - -3)/(3/3). Let a(l) = 1 + 2*l**2 + 3*l**3 + 3*l - l - 4*l**t. Let r be a(-1). Determine g(r).
-3
Let c = -27 - -17. Let t = c + 5. Let z(u) = -u**3 - 4*u**2 + 4*u + 4. Calculate z(t).
9
Suppose 2*g = 5*g. Let p(l) = -l**3 - l**2 - 2. Give p(g).
-2
Let b(i) = i**2 + 7*i + 5. Let v be b(-4). Let o = -13 - v. Let s(w) = w**2 + 7*w + 3. Let y be s(o). Let l(a) = a**2 + 3*a - 2. Calculate l(y).
-2
Suppose 3*j - 2*p = 3*p + 8, p = 3*j - 16. Let q(i) = i**2 + j*i**2 - 1 + 2*i**2 - 11*i**2. Give q(-1).
-3
Let d(j) be the second derivative of -j**4/12 + 4*j**3/3 + j**2/2 - 8*j. Give d(5).
16
Let p(k) = -8*k**2 + 0 + 9*k**2 + 5*k - 2. Calculate p(-5).
-2
Let z(o) = -1 + 2 + 0 + 5*o**2. Let r = 8 - 4. Suppose 3 = r*g - 1. Calculate z(g).
6
Let i(j) = -j**2 - 6*j - 3. Let m(o) = -2*o**2 - 13*o - 7. Let f(w) = 9*i(w) - 4*m(w). Determine f(-3).
-2
Let c(x) be the first derivative of -x**4/2 + 2*x**3/3 - x**2/2 - 23. Calculate c(1).
-1
Let l(r) = 11*r**2 - 5*r - 7. Let a(j) = -5*j**2 + 2*j + 3. Let o(w) = -7*a(w) - 3*l(w). Determine o(-1).
1
Let r(a) = -14*a**2 + 3*a - a**3 - 1 + 6 + 3*a + 9*a**2. Calculate r(-6).
5
Let t(z) = 2*z + 41 + 36 - 76. What is t(1)?
3
Let a(t) = -t**3 + 6*t**2 - 5*t - 7. Suppose 31 + 65 = 3*j. Suppose -5*h - j = -147. Suppose -h + 3 = -4*l. Calculate a(l).
-7
Let j = -3 + 5. Suppose -6*g + j*g - 4 = 0. Let r(v) be the first derivative of -v**4/2 + 1. Determine r(g).
2
Let k(u) be the first derivative of 1/2*u**2 - u + 3 - u**3. What is k(1)?
-3
Suppose -4*y + b = -13, 0 = 4*y - 2*b - 3 - 7. Let h(x) = 2*x**2 - x**2 - 4*x + 0*x + 1. Calculate h(y).
1
Suppose 7 = -2*c + 57. Suppose -2*i = -3*i - 4*g + 11, -5*i = 5*g - c. Let k(z) = z + 1. Determine k(i).
4
Let z(x) = 2*x**3 - x**2 - x - 1. Let u be z(-1). Let a = u + 5. Let d(w) be the second derivative of w**5/20 - w**4/6 - 6*w. Calculate d(a).
0
Suppose 0*r - 2*r + 2 = 0. Let q(k) = -k**3 + 1. Let p(c) = -5*c**3 - c**2 + c - 1. Let z(a) = -p(a) - q(a). What is z(r)?
6
Let h be 0 + 3/(-9)*6. Let z(u) be the first derivative of u**4/4 - 2*u**3/3 - 3*u**2/2 - u + 1. Determine z(h).
-11
Let p(d) = -d + d**3 + 4 + 2*d**2 - 2 - 1. Let g be p(-3). Let n(i) = -2 + 5 + 2 + i. Determine n(g).
0
Let h(y) = y**2 + y. Suppose -15 = -o + a, 0 = -o - 2*a + 7 - 1. Suppose 2*n - 5*n + 9 = 3*k, 4*k = 2*n - o. Determine h(k).
0
Suppose 5*l - 3*r + 19 = 0, -5 + 3 = -2*l - 2*r. Let w(k) = -1 - 2 - 1 - 2*k + 3. What is w(l)?
3
Suppose 0*g - g = -3*t - 5, g - 5*t = 7. Let j(w) be the first derivative of -2*w**2 - w - 6. Give j(g).
-9
Let k(u) = -u - u**3 + 5*u + 2*u - 5 + 5*u**2. Let r(j) = -j - 11. Let b be r(-11). Suppose -5*y + 9*y - 24 = b. What is k(y)?
-5
Let z be (-2)/(-4) - 6/(-12). Let b(p) = p**3 - 3*p**2 - p + 2. Let k be b(3). Let i(a) = 6*a + 3. Let j(h) = 1. Let x(c) = k*i(c) + 2*j(c). Determine x(z).
-7
Let w(g) = 3 - g - 2 + 0. Let l = 6 - 1. Suppose 5*q = -5*m - 20, l*m = -2*q - 7 - 7. What is w(q)?
3
Let d(p) be the second derivative of -p**4/12 + 5*p**3/6 + p**2 - 6*p. Determine d(5).
2
Let p(b) = b**2 - b - 1. Let r(k) = -k**3 - k**2 + 5*k + 1. Let o(l) = -3*p(l) - r(l). What is o(3)?
5
Let m(c) = -c - 1. Let x(z) = -5*z + 2. Let p(r) = 4*m(r) - x(r). Calculate p(6).
0
Let y(o) be the second derivative of 13*o**3/6 + 3*o**2/2 - 24*o. Determine y(-2).
-23
Let t(o) = 1 + 1 + 2*o - 4. Let j be (1*-3)/(1/(-5)). Let i be 33/j + (-2)/10. Give t(i).
2
Let p(b) be the second derivative of -b**5/20 - 5*b**4/12 - b**3/6 - 7*b**2/2 - b. Suppose -3 = 3*a - 4*a. Let c = -2 - a. What is p(c)?
-2
Let a(i) = -2*i + 6. Let h(o) = o - 3. Let z(p) = -3*a(p) - 5*h(p). Give z(-4).
-7
Let z(y) = 2*y + 4. Let m be ((-6)/(-6))/(2/(-12)). Let s be -2 + 6 + -3 + m. What is z(s)?
-6
Let u(n) = n**2 + 14*n + 13. Let m be u(-13). Let k(c) = -2*c**2 - 2*c + c**2 + c. Determine k(m).
0
Let l(g) = -4*g - 1. Let m be l(-1). Suppose 44 + 46 = m*x. Suppose x = o - 6*o. Let p(b) = -b - 7. Give p(o).
-1
Suppose 3*b - 4*m + 23 = 0, 3*m - 10 = 2*b - 7*b. Let h(w) = w**2 + 2*w. What is h(b)?
-1
Suppose -4*h + 21 = -w, w + 1 = 3*h - 15. Let j(o) = 4*o**2 - h*o**2 - 6*o**3 - o**3 + o. Determine j(1).
-7
Let j(i) = -i**3 - 4*i**2 + 7*i + 3. Let y(w) = -8*w + 4*w**3 + w**2 - 5*w**3 + 44 + 5*w**2 - 34. Let h be y(5). Determine j(h).
-7
Suppose r = 4*r + x - 31, -3*r + x = -29. Suppose -p + r = 4*p. Suppose 2*k + 8 = -2*k - p*n, 2*n + 8 = 4*k. Let v(j) = j**3 + j**2 - j - 3. What is v(k)?
-3
Let h(s) = 72 + 2*s**2 - 3*s**3 - 75 + 2*s + 2*s**3. Calculate h(2).
1
Let s(j) = -4*j + 1. Let a(b) = 21*b - 6. Let k(i) = -4*a(i) - 22*s(i). Calculate k(2).
10
Let y(a) = a - 14. Suppose -4*d = m - 28, 3*m = -5*d + 2*d + 21. What is y(d)?
-7
Suppose -26 = -5*p + 2*a, -2*p = -0*a - 2*a - 14. Suppose m = p*m - 18. Let v(x) = x**3 - 6*x**2 + 2*x - 6. Give v(m).
6
Let i(c) = c. Let l(q) = -2*q**3 - 27*q**2 + 16*q + 23. Let h be l(-14). Calculate i(h).
-5
Let l = -33 - -28. Let v(i) = 3*i**3 - i**2 + 2*i - 1. Let s(t) = -5*t**3 + 3*t**2 - 3*t + 2. Let d(w) = 4*s(w) + 7*v(w). Determine d(l).
-9
Let g be (-97)/(-4) - (-3)/(-12). Suppose -2*f + 5*f = g. Let p(k) = 4*k**3 + f*k - 10*k + 1 - 5*k**3. Give p(2).
-11
Let q(r) = r**3 + r + 6. Let u(d) = -d**2 - 8*d - 9. Let t be u(-6). Let a be (-2)/(-6) - t/9. Calculate q(a).
6
Let d(t) = -t**3 - 6*t**2 - 6*t - 7. Let v be (-3*2/(-6))/1. Let u be (v - -1)*(-1)/2. Let q be (u/2)/(5/50). Determine d(q).
-2
Let v(o) = -3*o + 0 + 3 + o. Let p(b) = -2*b + 18. Let l be p(7). What is v(l)?
-5
Let m(y) = -2*y**2 + 0*y**2 + 0*y**2 + 5*y**2 - 4*y - 1. Let r(l) = 2*l**2 - 5*l - 1. Let o(d) = -5*m(d) + 4*r(d). Calculate o(1).
-6
Let u(o) = -o + 2. Let f be u(0). Let t = 3 - 0. Let w(r) = 7*r**2 - t + r - 9*r**2 + 2*r. What is w(f)?
-5
Suppose -2*j = 4, -2*v + 5*j = j - 18. Suppose -m - 3 = -s, v*m - 3*s + 0*s = -9. Let d(b) = -b - 6 - b**3 - 3 + 0*b**3. What is d(m)?
-9
Let o(c) be the third derivative of -c**9/60480 - c**8/3360 - c**7/1008 - c**6/180 - c**5/20 - 3*c**2. Let y(j) be the third derivative of o(j). What is y(-5)?
-4
Let t(p) = p**2 - 7*p - 11. Let f be t(8). Let c = 4 + f. Let z(j) = -j - 2*j - 1 + 8*j. What is z(c)?
4
Suppose -4*u + 20 = -2*g + 6, 4*u - 20 = 0. Let o(v) = 9 - 5 + 4 - v. Let x(c) = c - 7. Let j(a) = -6*o(a) - 7*x(a). Calculate j(g).
-2
Suppose -3*x - 7 = 5*w - 10*w, 2*x - 2 = 0. Suppose 0 = 2*i + 3*i, -w*l = 2*i - 10. Let z(a) = -a**3 + 4*a**2 + 7*a - 6. Determine z(l).
4
Let n(t) = 1. Let u(w) = 12*w - 15. Let b(g) = 15*n(g) + u(g). What is b(-1)?
-12
Let l(r) = 5*r**3 + 2*r - 1. Let f be (-1)/5 + 45/(-25). Let j(i) = -26*i**3 - 11*i + 5. Let h(m) = f*j(m) - 11*l(m). Let c = 3 - 2. Determine h(c).
-2
Let r = -2 - -4. Let y(b) = -6 + 5 + 3*b + 2. Determine y(r).
7
Let a be 4/(-2*4/(-12)). Let k(f) = -f**3 + 5*f**2 + 3*f + 5. Calculate k(a).
-13
Let q(s) be the second derivative of -11*s**3/6 + 7*s. Determine q(-1).
11
Let p(c) = 2*c + 6. Let z(u) = u**2 + 7*u - 2. Let b be z(-9). Let i = 10 - b. Let j be p(i). Let d(q) = q - 1. Give d(j).
-7
Let v(c) = -4*c - 21*c**2 - 2*c + 22*c**2 + 5. Calculate v(5).
0
Let b(c) be the second derivative of 3*c**5/20 + c**4/6 + c**3/6 - 2*c. Let w = 7 + -5. Suppose 7 = -2*t - 5*h, t + 4*h = w*h - 3. Calculate b(t).
-2
Let m = -1 + 2. Let g(y) be the second derivative of y - 1/2*y**2 + 0 + 2/3*y**3. Determine g(m).
3
Let t be (2/4)/(1/(-12)). Let u(q) = q + 4. Let r be u